u**2 - 48*u - 31. Determine b(-9).
-4
Let l(r) = 5*r**2 + 5*r + 3. Give l(-2).
13
Let z(b) = -21*b + 112. Give z(7).
-35
Let m(j) = -13*j + 9. Determine m(1).
-4
Let h(r) = r**3 - 10*r**2 - 23*r + 66. Calculate h(12).
78
Let d(o) = o**2 - 10*o + 5. Determine d(9).
-4
Let v(c) = c**2 + 23*c. What is v(-21)?
-42
Let c(w) = -4*w - 33. Calculate c(-16).
31
Let y(x) = x + 15. Calculate y(-7).
8
Let p(a) = 7*a - 238. Determine p(35).
7
Let h(t) = -3*t + 20. What is h(12)?
-16
Let y(i) = 19*i + 3. Calculate y(1).
22
Let s(z) = -2*z**3 + 4*z**2 - 4*z + 2. What is s(3)?
-28
Let g(j) = -j**3 - 2*j**2 + 4*j + 3. Give g(-3).
0
Let g(k) = k**2 + 4*k - 20. What is g(-11)?
57
Let y(s) = -3*s**3 - s**2 - s + 1. Calculate y(1).
-4
Let h(f) = -9*f + 1. Calculate h(1).
-8
Let a(s) = 4*s + 17. Calculate a(-11).
-27
Let t(s) = -37*s + 3. What is t(2)?
-71
Let z(d) = 2*d**2 + 4*d + 11. Calculate z(5).
81
Let p(n) = n - 14. Calculate p(-10).
-24
Let j(n) = 2*n**2 - 45*n - 21. Determine j(23).
2
Let w(u) = u + 8. Give w(18).
26
Let w(u) = -13*u. Determine w(1).
-13
Let t(m) = m**3 + 17*m**2 + 15*m - 15. What is t(-16)?
1
Let g(i) = i**3 - 30*i**2 - 30*i - 46. Calculate g(31).
-15
Let o(j) = 11*j - 8. What is o(-7)?
-85
Let s(q) = q. Calculate s(4).
4
Let b(f) = -2*f**2 + 115*f + 182. Determine b(59).
5
Let s(g) = -g**3 + 5*g**2 - 1. Calculate s(2).
11
Let x(p) = -4*p**3 - 49*p**2 - 11*p + 6. What is x(-12)?
-6
Let g(p) = -p**3 + 33*p**2 + 3*p - 91. Determine g(33).
8
Let l(g) = 2*g - 23. Calculate l(8).
-7
Let k(m) = m**3 + 10*m**2 - 9*m + 21. Give k(-11).
-1
Let d(l) = l**3 - 5*l**2 + 3*l + 4. Calculate d(4).
0
Let a(p) = -p**3 - 15*p**2 - 14*p - 45. What is a(-14)?
-45
Let y(v) = 8*v**2 - 3*v - 2. Determine y(-1).
9
Let a(p) = 2*p**2 - 2*p - 4. Give a(-2).
8
Let c(n) = -10*n**3 + n**2. Give c(1).
-9
Let k(u) = u**3 + u**2 - 9*u - 7. Give k(-3).
2
Let y(q) = -q**3 - 8*q**2 - 13*q - 80. What is y(-8)?
24
Let p(c) = c**3 + 17*c**2 - 5*c + 16. Give p(-17).
101
Let s(i) = -4*i + 1. What is s(2)?
-7
Let f(p) = p**2 - 11*p + 18. What is f(10)?
8
Let z(m) = -10*m + 8. Give z(-4).
48
Let x(t) = t**3 + 4*t**2 + t + 7. What is x(-4)?
3
Let p(v) = -8*v**3 + 4*v + 4. What is p(0)?
4
Let l(y) = -y**2 - 12*y - 5. What is l(-9)?
22
Let u(n) = -2*n**2 - 16*n - 11. Give u(-8).
-11
Let j(z) = -7*z**3 + 2*z**2 - 4*z + 2. What is j(1)?
-7
Let s(v) = -5*v - 11. What is s(-9)?
34
Let i(r) = r**2 - 17*r + 37. Calculate i(16).
21
Let g(y) = -y + 28. What is g(14)?
14
Let x(t) = -3*t**2 + 3*t + 3. Determine x(-2).
-15
Let v(x) = 73*x - 443. What is v(6)?
-5
Let r(m) = -3*m - 5. What is r(-8)?
19
Let b(f) = f**3 + 18*f**2 - f - 12. Give b(-18).
6
Let i(v) = -v**2 - 2*v + 39. What is i(-8)?
-9
Let u(w) = 8*w - 8. Give u(4).
24
Let a(o) = -o**2 + 12*o - 20. What is a(9)?
7
Let j(v) = -v**2 + 10*v + 104. Give j(-8).
-40
Let w(b) = -b**3 + 18*b**2 - 8*b + 139. Calculate w(18).
-5
Let s(u) = 2*u**3 - 2*u**2 - 3*u - 7. Determine s(4).
77
Let j(k) = k**3 - 13*k**2 + 15*k - 20. Calculate j(12).
16
Let l(n) = n**3 - 5*n**2 - 2*n + 10. Calculate l(5).
0
Let i(k) = -k**2 - 5*k + 10. What is i(-10)?
-40
Let t(a) = -2*a**3 + 2*a**2 - 4*a + 15. What is t(2)?
-1
Let c(r) = 46*r + 527. Calculate c(-12).
-25
Let v(l) = -2*l**2 + 29*l + 74. Determine v(16).
26
Let w(y) = y**3 + 3*y**2 - 13*y - 21. Give w(-5).
-6
Let d(k) = 3*k - 15. Give d(7).
6
Let s(f) = f**3 + 5*f**2 + 9. What is s(-5)?
9
Let z(p) = p**3 + 5*p**2 + p + 6. Calculate z(-5).
1
Let v(w) = w**2 + 3*w - 4. What is v(-5)?
6
Let k(t) = t**2 + 15*t + 49. Determine k(-8).
-7
Let z(a) = -a**3 - 32*a**2 - 31*a - 22. Calculate z(-31).
-22
Let y(z) = -21*z**2 - 3*z + 7. What is y(2)?
-83
Let c(g) = 10*g - 55. Calculate c(5).
-5
Let f(h) = 5*h - 87. Calculate f(11).
-32
Let k(n) = -5*n**2 + 5*n - 2. What is k(1)?
-2
Let v(m) = -61*m - 1457. Calculate v(-24).
7
Let c(p) = p**2 - 5*p + 5. Determine c(9).
41
Let d(r) = r**2 - 130*r + 1917. Calculate d(113).
-4
Let d(k) = k**2 - 17*k + 31. Calculate d(15).
1
Let i(x) = -x**2 - 19*x - 8. Give i(-9).
82
Let a(i) = 43*i - 16. Determine a(3).
113
Let o(a) = -14*a + 159. Give o(11).
5
Let a(v) = -v - 23. Calculate a(16).
-39
Let q(a) = 24*a - 3. Calculate q(1).
21
Let r(v) = v**2 - 9. What is r(7)?
40
Let l(g) = g**2 - 4*g + 8. Give l(7).
29
Let i(h) = -2*h**2 + 46*h + 30. Give i(24).
-18
Let m(u) = 7*u**2 + u - 1. Determine m(1).
7
Let a(x) = x**2 - 12*x - 22. What is a(14)?
6
Let i(c) = -7*c**2 + 3*c + 4. What is i(-3)?
-68
Let h(j) = j**3 - 16*j**2 - 7*j + 117. Determine h(16).
5
Let h(d) = -d + 10. Calculate h(6).
4
Let a(x) = -x**2 - 24*x + 62. What is a(-20)?
142
Let l(o) = -o**3 - 22*o**2 - 70*o + 41. Give l(-18).
5
Let f(p) = p**3 + p**2 - 5*p - 3. What is f(-4)?
-31
Let p(u) = -2*u - 7. Determine p(-3).
-1
Let j(w) = w**2 + w. Give j(-2).
2
Let j(d) = d**2 - 16*d + 42. Determine j(12).
-6
Let k(x) = -2*x**2 - 9*x + 4. Calculate k(-7).
-31
Let d(s) = -11*s - 1. Calculate d(2).
-23
Let m(l) = 10*l - 37. What is m(3)?
-7
Let k(o) = -5*o**2 - 39*o + 8. Determine k(-8).
0
Let m(b) = -2*b**3 + 28*b**2 + 17. Give m(14).
17
Let d(f) = f**3 - 5*f**2 - 7*f + 17. Determine d(6).
11
Let b(q) = -q**2 + 15*q - 29. What is b(2)?
-3
Let q(y) = -y**3 + 13*y**2 + 113*y + 12. Calculate q(-6).
18
Let u(t) = -t**3 - 13*t**2 - 2*t + 1. What is u(-13)?
27
Let t(g) = 2*g + 9. Determine t(9).
27
Let a(j) = -12*j - 5. Calculate a(-7).
79
Let i(w) = -w**3 + 13*w**2 + 16*w - 18. Give i(14).
10
Let l(b) = -13*b + 4. Give l(1).
-9
Let v(d) = -2*d - 4. Give v(-14).
24
Let k(x) = -x - 3. What is k(-3)?
0
Let u(b) = b**3 - 7*b**2 - 12*b - 3. Determine u(9).
51
Let g(h) = 2*h**2 - 2*h - 100. Determine g(0).
-100
Let l(p) = p**2 - 6*p + 2. Calculate l(0).
2
Let c(d) = 4*d**3 + 7*d**2 - 3*d - 3. Give c(-2).
-1
Let t(w) = -w**2 - 6*w + 23. Give t(7).
-68
Let q(h) = -2*h**2 + 31*h - 72. Give q(3).
3
Let u(h) = -h + 21. Give u(24).
-3
Let r(n) = -n**2 - 2*n + 2. Give r(-2).
2
Let p(d) = -2*d**2 - 7*d - 23. Calculate p(-5).
-38
Let c(z) = -2*z**2 - 3*z - 3. Calculate c(-3).
-12
Let h(l) = -8*l**2 + l - 2. Determine h(1).
-9
Let w(s) = 2*s**2 + 7*s + 8. Determine w(-4).
12
Let b(l) = -3*l + 1. Give b(-6).
19
Let z(i) = -i**2 + 13*i + 8. What is z(6)?
50
Let m(v) = v**3 - 17*v**2 - 19*v + 36. Calculate m(18).
18
Let f(t) = -t**3 - t**2 + 2. Give f(0).
2
Let f(x) = 14*x - 506. Calculate f(37).
12
Let l(g) = g**2 + 4*g + 3. What is l(-3)?
0
Let y(m) = -m**3 + 2*m**2 + m - 1. Determine y(3).
-7
Let s(q) = -3*q + 3. What is s(3)?
-6
Let m(n) = -2*n - 8. Calculate m(-5).
2
Let t(x) = 25*x - 27. Give t(4).
73
Let g(r) = -2*r + 36. Give g(26).
-16
Let m(c) = -c**2 + 27*c - 11. Calculate m(27).
-11
Let y(d) = 2*d**2 + 22*d + 17. Give y(-10).
-3
Let h(o) = -o**3 - 10*o**2 - 11*o + 35. Determine h(-8).
-5
Let n(v) = -v**2 - 56*v + 435. What is n(7)?
-6
Let m(j) = 5*j - 33. What is m(-6)?
-63
Let x(m) = -m + 20. What is x(14)?
6
Let n(p) = p**2 - p - 65. Calculate n(9).
7
Let q(a) = 2*a**3 - 7*a**2 + a + 2. Calculate q(3).
-4
Let a(h) = 9*h - 6. Determine a(1).
3
Let i(h) = 3*h**2 - 28*h + 5. Calculate i(9).
-4
Let c(o) = 2*o**2 + 32*o - 60. Calculate c(-18).
12
Let p(f) = 3*f - 22. Give p(-12).
-58
Let y(m) = -4*m - 7. What is y(-7)?
21
Let y(s) = 9*s**3 - s**2 + 4*s + 4. Give y(-1).
-10
Let m(k) = -k**2 + 4*k - 9. Determine m(3).
-6
Let t(q) = q**2 + 7*q + 3. Determine t(-6).
-3
Let h(m) = m**3 + 2*m**2 - 3*m. What is h(-5)?
-60
Let t(z) = z**3 - 17*z**2 + 68*z + 20. Give t(10).
0
Let z(x) = -x**3 + 6*x**2 + 10*x - 26. Calculate z(7).
-5
Let c(z) = -10*z. Calculate c(-3).
30
Let t(u) = 4*u + 23. What is t(-12)?
-25
Let y(n) = n - 37. Give y(6).
-31
Let s(l) = -l**3 - l - 1. Give s(-2).
9
Let y(j) = -j**2 + 27*j - 139. What is y(8)?
13
Let k(h) = h**3 - h**2 - 15*h - 6. What is k(-3)?
3
Let c(k) = -10*k**3 - 2*k - 1. Determine c(-1).
11
Let k(z) = 14*z - 1. What is k(2)?
27
Let t(s) = 22*s. Calculate t(2).
44
Let g(v) = v**3 - 17*v**2 - 19*v + 29. Give g(18).
11
Let u(g) = g**3 + 4*g**2 - 4*g - 2. What is u(-4)?
14
Let o(j) = j - 4. Give o(1).
-3
Let b(s) = s**2 - 45*s + 76. What is b(43)?
-10
Let y(z) = 12*z**2 + 5*z + 3. What is y(-1)?
10
Let p(a) = 2*a + 27. Give p(-12).
3
Let f(k) = 2*k**2 + 5*k - 37. What is f(-6)?
5
Let u(l) = -l**3 + 5*l**2 + 